undreds digit of (r/(-1))/(6/4116)?
6
Suppose -d - 338670 = -11*d - 73980. What is the ten thousands digit of d?
2
Let o be ((-165)/4)/(105/28 - 4). Suppose -5*v - 6*i = -11*i - o, 3*i + 69 = 2*v. What is the units digit of v?
0
Suppose -13*q + 10 = -11*q. Suppose -150 = -q*i - 35. What is the tens digit of i?
2
Let z(n) = -119*n + 136. Let c(t) = 60*t - 68. Let s(a) = -5*c(a) - 3*z(a). What is the hundreds digit of s(15)?
7
Suppose -48 - 16 = -8*x. Suppose 24 - x = t. What is the units digit of 6/(68/t + -4)?
4
Suppose 9*l = 63*l + 21*l - 618450. What is the units digit of l?
6
What is the hundreds digit of (-6 - 0)*(-20312)/48?
5
Let r(a) = 39*a + 34 - 10 + 10. Let h = 7491 - 7488. What is the tens digit of r(h)?
5
Let o(k) = -2*k**2 - 93*k + 144. Let z be o(-44). Suppose z + 147 = u. What is the tens digit of u?
1
What is the hundreds digit of -2341*(11/(-33))/(4/12)?
3
Let j(t) = -31*t - 30. Let l be (-310)/35 - 1/7. What is the hundreds digit of j(l)?
2
Suppose 2*o - 2*g = 4, -4*o + 5*g + 0*g + 4 = 0. Suppose -62 = -o*r + 466. What is the tens digit of r?
8
Let r = 51 - 44. Suppose -r*s + 12*s = 10*s. Suppose 2*l - 4*l + 150 = s. What is the units digit of l?
5
Let c = -11 - -8. Let t be 0/(2/(-3) - (-4)/c). Suppose t*s + 228 = 3*l - 3*s, -4*s = -12. What is the units digit of l?
9
Suppose 0 = -3*m + 5*m - 140. Let g = m + -17. Suppose -8*i - g = -253. What is the tens digit of i?
2
Let k = -1069 - -2433. Suppose 1239 = 5*b - 2*z - 119, -k = -5*b - 4*z. What is the tens digit of b?
7
Let c(d) = d**2 - 11*d + 32. Let t be c(5). Suppose 114 = t*g - 92. What is the units digit of g?
3
Let n(u) = 73*u**2 - 10*u + 4 + 1 + 3 - 2 - 19*u**2. What is the units digit of n(4)?
0
Let i(k) = k**3 + k**2 + 4*k - 9. Let q be i(0). What is the hundreds digit of 6 - (-9555)/14 - q/(-6)?
6
Suppose 6*d - 8*d + 10094 = -d. What is the tens digit of d?
9
Let w(p) = -8290*p - 1956. What is the tens digit of w(-3)?
1
Let l = -337 - -351. Suppose l*u + 4*t - 492 = 9*u, -2*t - 404 = -4*u. What is the hundreds digit of u?
1
Suppose 95 = 48*u - 53*u. Let g = u - -23. Suppose 2*q + 0*n - 174 = -4*n, 5*n = -g*q + 345. What is the units digit of q?
5
Suppose -9*a = -314 + 143. Suppose a*r = -4*r + 23506. What is the thousands digit of r?
1
Let o = 22397 - 13537. What is the hundreds digit of o?
8
Suppose 0*m - 3*n + 673 = 2*m, -1334 = -4*m - 2*n. Let h = m - -155. What is the units digit of h?
7
Suppose -47 = -a - 2*i, -39 - 138 = -3*a + 3*i. Suppose 0 = 8*f + 247 - 31. Let d = f + a. What is the units digit of d?
8
Suppose 3*q + 12 - 60 = -2*k, 2*q = -5*k + 109. Let n be (2 + -1)/7 - (-4722)/k. Suppose n = 5*h - 2*h. What is the tens digit of h?
7
Let a(v) = v**3 + 21*v**2 - 21*v - 22. Let i be a(-22). Let b = 51 + i. Let s(n) = -n + 8. What is the units digit of s(b)?
1
Suppose -15*a + 39000 + 235095 = 0. What is the tens digit of a?
7
Suppose 1499*m = 1498*m + 186. Let h = m - 45. What is the hundreds digit of h?
1
Suppose -25*m = -3*u - 30*m - 622, 0 = 5*u + 4*m + 1041. Let g = 456 + u. What is the hundreds digit of g?
2
Let v(b) = 1021*b**2 + 9*b - 3. What is the hundreds digit of v(7)?
0
Suppose 11*x - 7*x - 427 = j, 0 = x - 4*j - 88. Suppose 118*w = x*w + 9240. What is the units digit of w?
4
What is the hundreds digit of (((-8)/10)/((-200)/(-500)))/((-2)/17827)?
8
Let p = -9631 - -12713. What is the thousands digit of p?
3
Let f = 2174 - -1968. Suppose 5*i - 5209 = 4*m, 991 = -3*i - 4*m + f. What is the hundreds digit of i?
0
Let x be (-5)/2 + (-2)/4*3. Let k be 8/((-128)/12)*x. Suppose -k*y + 11*y = 1528. What is the units digit of y?
1
Let l = -170 + 178. Let u(y) = y**3 + 2*y**2 + 9*y + 17. What is the units digit of u(l)?
9
Let d = -36 + 34. Let q(z) = -6*z**3 - 2*z**2 + 2*z + 2. Let k be q(d). Suppose -k = -5*j + 412. What is the tens digit of j?
9
Suppose h = -m, -4*h - 3*m + 0*m - 4 = 0. Let u = 47 + h. Let s = 15 + u. What is the tens digit of s?
5
Let c(t) = 2244*t**2 + 45*t + 100. What is the tens digit of c(-4)?
2
Let v = 33929 - -23865. What is the hundreds digit of v?
7
Let w(q) = -q**2 - 4*q + 3. Let f be w(5). Let k = -51 - f. Let c(h) = -3*h + 28. What is the tens digit of c(k)?
5
Let g(l) = -4*l**2 + 15*l + 7. Let y be g(4). What is the hundreds digit of (y + -4)/(4/(-484))?
1
Let p be (-3)/(-6)*408 + 4/2. Let u = 412 - p. What is the hundreds digit of u?
2
Let t be 2 + -4 + 26/1. Suppose 0 = -19*r + 15*r - t. Let p(q) = 4*q**2 + 11*q + 17. What is the units digit of p(r)?
5
Let f be 10452/72 - (-1)/(-6). Suppose f = 16*u - 21*u. What is the hundreds digit of (-221 - -1)/(-31 - u)?
1
What is the tens digit of 45/6*30*15/((-270)/(-4))?
5
Let i(l) = l**2 - 7. Let z be i(-4). Let r(x) = -4*x + 34. Let y be r(z). What is the hundreds digit of 5/y*(-7358)/65?
2
Let l(i) = -i**2 + 3*i - 5. Let c be l(2). Let n be (1 + 1)*(-52)/24*c. Suppose 0 = -n*r + 18*r - 285. What is the tens digit of r?
5
Let v(s) = -3*s + 33. Let x be v(9). Suppose x*p - 3*p - 9 = 0. Suppose 0 = -g + 3*d + 14, -2*g + p*d + d = -28. What is the units digit of g?
4
What is the thousands digit of 72/(-468) - (-344922)/39?
8
Let l = 7245 + -346. What is the tens digit of l?
9
Let r(c) = -3*c**2 + 4*c - 48. Let o be r(-12). Suppose -13*l + 3247 + 6646 = 0. Let y = o + l. What is the hundreds digit of y?
2
Suppose 6*g = -16*g + 11550. Suppose 2*m + v - g = 0, 2*m + 2*m - 4*v - 1056 = 0. What is the hundreds digit of m?
2
Let r = -2767 - -1831. Let n = r + 1721. What is the units digit of n?
5
Suppose 3*g + 8748 = 5*g - d, d = 2. What is the hundreds digit of g?
3
Suppose g - 4790 = 2*l + 1331, 5*l + 25 = 0. What is the hundreds digit of g?
1
What is the thousands digit of (-5)/20 - (-123985)/20?
6
Suppose -r + 9385 = 4*v - 3011, 4*r = 4*v + 49484. What is the hundreds digit of r?
3
Let x = -107 - -102. Let v be 14 - (-20)/(x - -1). What is the tens digit of ((-8)/18)/((-2)/v) - -250?
5
Let m = -23307 + 42594. What is the units digit of m?
7
What is the units digit of (12/84 - (-247)/(-14))*934654/(-505)?
9
Let c = -1 - -15. Suppose u - 196 = c*w - 15*w, -4*w + 784 = 3*u. What is the hundreds digit of w?
1
Let p be 1*4*(-9)/18 - -70. What is the units digit of (-65 + p)*(-1 - 0 - -60)?
7
Let m = 13305 - 7169. What is the hundreds digit of m?
1
Let s = 11 - 8. Suppose a = -s*a, 0 = -z - 4*a + 398. What is the hundreds digit of z?
3
Let x be (-22)/1*(-2 + 1). Let w = 389 + -370. Suppose w*t = x*t - 132. What is the units digit of t?
4
Let q(u) = -31*u**3 + 12*u**2 - 32*u - 80. What is the units digit of q(-5)?
5
What is the tens digit of -8 - -27414 - 7*(-5 - (-7 + 3))?
1
Let k(a) = 64*a + 29. Let s(r) = 257*r + 117. Let d(g) = 9*k(g) - 2*s(g). What is the hundreds digit of d(5)?
3
Let k = 9810 + -824. What is the tens digit of k?
8
Let f be 6/(-8) - ((-202)/(-8) - -2). What is the units digit of (-3)/(84/(-13012)) + (-8)/f?
5
Let i = 60254 + -17972. Suppose 16*m = 45*m - i. What is the hundreds digit of m?
4
Let v(s) = 944*s - 11*s**3 + s**2 - 934*s - 2 + 8. Let n(o) = 6*o**3 - 5*o - 3. Let b(y) = -7*n(y) - 4*v(y). What is the units digit of b(4)?
1
Suppose 65 = 5*x + 85. What is the units digit of (-6)/((-12)/x) + 752?
0
Let m be (-6)/(3/(-2)*1). Suppose 0 = -4*i + 12, -4*j + m*i + 3727 = 983. What is the units digit of j?
9
Let k(f) = 59*f + 25. Let h(x) = 884*x + 372. Let t(g) = 6*h(g) - 88*k(g). What is the tens digit of t(3)?
6
What is the units digit of (107050/(-30))/(55/(-561))?
7
Let c be (0 - -4) + -6 + 2. Let m be c - 0 - (3 + -1). What is the units digit of 1 - (m/4 + (-366)/4)?
3
Suppose 2*y = -5*m + 6, -4*y + 7 + 5 = 2*m. Let j(v) = -y*v**2 + 2 + 6*v + 4 + 11*v**2 - 2. What is the tens digit of j(-2)?
2
Suppose 0 = 29*o - 35*o + 23790 - 264. What is the hundreds digit of o?
9
Let j(s) = s**2 - 3. Let b be j(3). Suppose -2*a = b, 3*a + 0*a - 7 = 2*c. What is the tens digit of (1950/c)/(-3) + 17/(-68)?
8
Suppose m - 8*t + 3*t = 2, -m + 4 = -3*t. Suppose m*o - 4*o = 18. Suppose 5*f - 30 = -b, -o*b + 2*b = f - 101. What is the tens digit of b?
2
Let s(h) = h**3 - 3*h**2 + 2*h - 2. Let v be s(2). Let p be (106 + 9)*(v/(-5) - 0). Suppose 0 = 14*k - 16*k + p. What is the units digit of k?
3
Suppose -x = -93 - 17. Let a = 117 - x. Suppose 19*c = a*c + 144. What is the tens 